 6*j - 1. Let i be z(0). Let r be 1 - i - (11 + -16). Suppose 40 = r*g - 15*g. Let s(o) = o**2 + o - 5. What is s(g)?
15
Let p(f) = -16*f + 6. Let r(t) = t**2 - 5*t - 6. Let k be r(5). Let c(x) = -33*x + 13. Let a = 9202 - 9189. Let l(b) = a*p(b) + k*c(b). Determine l(2).
-20
Suppose 98 = -75*a + 82*a. Let j(x) = -2*x + 31. Let g be j(a). Let r(y) = y**2 + y - 4. Determine r(g).
8
Let q(x) be the first derivative of x**3/3 - 5*x**2/2 - 11*x - 662. Give q(5).
-11
Suppose d = -4*d + d. Let y(a) = -36*a + 3*a**2 + d*a**2 - 2 + 39*a - 2*a**2. What is y(-3)?
-2
Suppose 3*t - 69 = 5*j + 24, -2*t + 62 = -5*j. Let q(w) = 7*w - 211. Determine q(t).
6
Suppose -2*i = 3*v - 160 + 166, -i + 18 = -9*v. Let z(q) = 0 - 3*q - 5 + 2. Give z(v).
3
Suppose 56 = -2*x - 2*h, 2*x - 3*h + 23 = -18. Let w(f) = f**3 + 26*f**2 + 26*f + 26. Let m be w(x). Let y(d) = 17*d. Give y(m).
17
Let s(a) = -64*a + 505. Let z = -9362 + 9370. Determine s(z).
-7
Suppose 90*s = -761 + 221. Let v(q) = -9*q - 59. Give v(s).
-5
Let z(i) be the second derivative of -5*i**3/6 + 40*i**2 + 7316*i. Determine z(11).
25
Let w(v) = -5*v**3 + 36*v**2 + v - 133. Let j(c) = c**3 - 10*c**2 + 33. Let t(a) = -9*j(a) - 2*w(a). What is t(-18)?
5
Let h(k) = 5*k + 19. Let n = -11414 + 11416. Calculate h(n).
29
Let q(n) = 13 + 667*n**2 - 668*n**2 - 13*n - 2*n. What is q(-16)?
-3
Let m(j) = 25794*j**3 - 8*j**2 + 7 + j**2 - 25795*j**3 - 7*j + j**2. Calculate m(-5).
17
Let i(n) = 3809*n + 11432. Let f be i(-3). Let w(c) be the third derivative of -c**6/120 + c**5/15 + c**4/12 + c**3/3 - c**2. Determine w(f).
-13
Let x(a) = a**3 + 5*a**2 + a - 4. Let u be (0 - -1) + (32 - -66). Suppose 33 = 88*j - u*j. Give x(j).
11
Let p(i) be the first derivative of 1/2*i**2 - 2 + 3*i. Let n be p(2). Let c(f) = 2*f - 5. What is c(n)?
5
Let b(g) be the third derivative of -g**4/12 - 2*g**3/3 + 1275*g**2. Determine b(5).
-14
Let f(s) = 0 - 5 + 28*s - 34469*s**2 + 34464*s**2. Calculate f(5).
10
Let a be (-5)/((-5)/9)*8/6. Let p(k) = -12*k - 4*k**2 + 10 - 4*k**2 + 0*k**2 + 9*k**2. Calculate p(a).
10
Let f(o) = -7*o**2 - 6*o + 7. Let r(u) = -3241 + 3241 + 2*u**2. Let n(d) = -f(d) - 4*r(d). Determine n(5).
-2
Let q = -2784 - -2785. Let v(k) = 31*k - 35. Calculate v(q).
-4
Let d = 1 + 1. Let x(v) be the second derivative of 0 - 56*v + 0*v**2 + 1/2*v**3 - 1/4*v**4. What is x(d)?
-6
Let f(l) = -3*l**2 + 122*l + l**3 + 5 - 121*l - 2*l**3. Let x be f(-3). Let y(a) = 3*a - a - a - 2 - 4*a**2. Determine y(x).
-16
Let a(j) = 2*j + 2. Suppose -6*w - 2*b = -2*w + 704, 4*w = 5*b - 690. Let u = w + 177. What is a(u)?
6
Let j(q) = 26*q + 1. Let r be 60/690 + (-781)/253. Calculate j(r).
-77
Let u(j) = -j**2 - 6*j + 1. Let g = 409 - 407. Let p be 8*(-6)/12 - g. Give u(p).
1
Let l(m) = m + 3. Suppose -r - 4*r = 0. Let c be (-1)/2*(r - 34). Suppose f + c = 11. Determine l(f).
-3
Let u(r) = -9*r**3 - r - 10 + 4159*r**2 - 4156*r**2 + 12. Calculate u(2).
-60
Let t(y) be the first derivative of -y**6/120 + 2*y**5/15 - 3*y**4/8 + 5*y**3/3 + 21*y**2/2 - 45. Let c(f) be the second derivative of t(f). Give c(7).
-4
Let f(q) = 2*q + 2. Suppose 3*z + 15 - 25 = 5*k, -3*z + 4*k = -11. Suppose -4*r + 47 = -z*i, -5*r = -2*i - r - 26. Calculate f(i).
-12
Let u(r) = r**2 + 17*r + 21. Let q be u(-16). Let t(f) = -37 - 2*f**3 + q*f - 6*f**2 + 3*f**3 + 34. Let g be 2/3 + (-13)/(-3). Calculate t(g).
-3
Let d(m) = 940*m - 4697. Let w be d(5). Let a(z) be the third derivative of -5/3*z**w - 3/8*z**4 + 0*z + 0 - 2/15*z**5 + 1/120*z**6 + 10*z**2. Determine a(9).
-10
Suppose b = 0, 3*q = -q + 2*b + 2*b + 4. Let a(o) = 28*o - 2. Calculate a(q).
26
Let v(u) = 17*u + 28. Let b(s) = -7*s - 11. Let o(d) = 14*b(d) + 6*v(d). What is o(-5)?
-6
Let u(l) be the third derivative of -l**4/8 - 11*l**3/2 + 2687*l**2. Determine u(-11).
0
Let r(d) be the third derivative of -d**4/4 + d**3 + 550*d**2. Suppose -3*c - 11 = 2*s - 4*s, 4*s + 4*c - 12 = 0. Let y = 0 + s. Determine r(y).
-18
Let w(y) = -8*y - 6. Let q = 44 - 38. Let k(b) = -3 + 1 - 9 - 21*b + q*b. Let l(c) = 6*k(c) - 11*w(c). Calculate l(-3).
6
Let h(y) = 23*y - 9. Let k = 81 - 74. Calculate h(k).
152
Let m(h) be the third derivative of 1/2*h**3 + 6*h**2 + 0*h - 1/120*h**6 + 1/6*h**4 + 0*h**5 + 0. Suppose -6156*v = -6168*v - 24. Calculate m(v).
3
Let z(f) = 2*f**2 - 11*f. Suppose -2*c + 62 + 60 = 0. Let r = c - 56. Let d be z(r). Let g(s) = -s**2 - 7*s - 5. What is g(d)?
5
Let b(h) = -36*h**3 - 74*h**2 - 55*h - 36. Let q(a) = 14*a**3 + 30*a**2 + 22*a + 14. Let c(d) = 5*b(d) + 13*q(d). What is c(-9)?
65
Let c(s) = -35*s - 139. Let w(b) = 29*b + 142. Let t(q) = 4*c(q) + 5*w(q). Calculate t(-33).
-11
Let h(r) = 3*r**2 - 10*r**3 - 2*r**2 - r**3 - 3695*r + 2 + 3697*r. Determine h(-2).
90
Let w be ((-9)/(-12))/((-6)/(-24)). Suppose u - 2*i - 1 = 0, 7*u + 32 = w*u - i. Let v(t) = t**3 + 7*t**2 - 4*t + 2. Give v(u).
30
Suppose -2*u = 5*f, -3*u = -3*f + 5*f + 11. Let y(l) be the second derivative of -2/3*l**3 + 0 - 3*l + l**2. Give y(f).
-6
Let q(u) = 2*u**3 - 12*u - 3. Let n(k) = -4*k**3 + 17*k + 4. Let h(r) = 5*n(r) + 7*q(r). Calculate h(1).
-6
Let s(n) = 9*n**2 - 416*n + 81. Let f be s(46). Let x(p) = p**3 + 17*p**2 + 66*p - 13. Give x(f).
-13
Let n = -6200 - -6211. Let s(p) = p**2 - 4*p - 26. What is s(n)?
51
Let n(i) = -9*i**3 + 16*i**2 - 6*i + 8. Let y(x) = -2*x**3 - x. Let u(r) = -n(r) + 4*y(r). Give u(16).
24
Let f(n) = n**2 + 17*n + 41. Let t be 72/16*8/(-12). Determine f(t).
-1
Let d(r) = -3*r - 26. Let f = 5405 - 5408. Calculate d(f).
-17
Let p be ((-4)/20*3)/(3/(-465)). Let f be -2 - (p/33 - 4/(-22)). Let n(b) = b**2 + 5*b - 7. Calculate n(f).
-7
Suppose f - 3*a - 12 = 0, 0 = 3*f - 6*f - 3*a. Let z(n) = -2*n + 2*n**2 + 4*n**3 - 2*n**3 - n**f - 3. Let w be 100/35 + -5 - 2/(-14). Calculate z(w).
1
Let a(l) = 1 + 4*l - 3 - l. Let t = -13800 + 13797. What is a(t)?
-11
Suppose 5*v + 2*p = -6 - 43, -2*v + 5*p - 66 = 0. Let c(h) = h**3 + 12*h**2 - 12*h + 21. What is c(v)?
8
Let v(c) = c**2 - 2*c + 1. Let z be 18/(-6)*(4/6 - 0). Let x be z*((-6)/(-15))/(4/(-5)). Calculate v(x).
0
Let d = 3330 + -3323. Let f(a) = a**3 - 6*a**2 - 3*a + 5. What is f(d)?
33
Let s be (-1)/(-4)*(-14544)/(-606). Let d(y) be the second derivative of -y**4/12 + 7*y**3/6 - 9*y**2/2 - y. Determine d(s).
-3
Suppose 19 = 3*y + 1. Let i(a) = -3*a**2 + 5*a + 1. Let n(s) = -11*s**2 + 14*s - 2. Let k(l) = -4*i(l) + n(l). Determine k(y).
-6
Let u(k) = 2701 - 14*k - 2701. Give u(1).
-14
Let s(t) be the first derivative of -t**2/2 + 14*t - 34. Suppose 2*h = -2*h + 36. Calculate s(h).
5
Let w(s) be the first derivative of 0*s**3 + 21 - 44*s - 7/12*s**4 - 1/20*s**5 + 3/2*s**2. Let f(m) be the first derivative of w(m). What is f(-7)?
3
Let d(a) = 3*a**2 - 33*a + 7. Let k be d(13). Let q(w) = -w**3 - 167 - 3*w**2 + 79 + w + k. Let t = -710 - -706. Determine q(t).
9
Let x(n) be the third derivative of 25*n**4/24 - 305*n**3/6 - 5882*n**2. Give x(12).
-5
Let p(r) = -r**3 + 14*r**2 - 17*r + 248. Let k be p(14). Let d(a) = a**3 - 9*a**2 - 9*a - 16. Determine d(k).
-6
Let k(n) = 16*n**2 - 11*n + 25. Suppose 9*y + 9*y = 54. Let d(z) = -7*z**2 + 6*z - 12. Let m(g) = y*k(g) + 7*d(g). Determine m(8).
-1
Let k(c) be the third derivative of c**4/8 + 31*c**3/3 + 7*c**2 - 90. What is k(-24)?
-10
Suppose 5*t = 545 - 150. Let f(p) = t*p - 40*p - 54*p. Suppose 0 = -764*m + 758*m - 6. What is f(m)?
15
Let b(p) be the second derivative of -p**5/20 + 7*p**4/4 - 11*p**3 - 27*p**2/2 + 4027*p. Give b(17).
7
Let u(w) = -2 + 110*w**2 + 71*w**2 - 10*w + 2*w + 75*w**2 - 280*w**2. Calculate u(-2).
-82
Suppose -7*j + 12641 - 12536 = 0. Let o(i) = 3*i**2 - 43*i - 10. Calculate o(j).
20
Let j(c) = 6*c**3 - 44*c**3 + 11 + 8*c + 13*c**3 + 3 + 24*c**3 + 3*c**2. What is j(6)?
-46
Let f(n) be the first derivative of n**7/840 - n**6/45 + n**5/24 + n**4/3 + n**3 + 3*n - 4. Let t(g) be the third derivative of f(g). What is t(7)?
-6
Let b(x) = -2*x + 27. Let a be b(12). Let l(n) = -54*n + 98. Let c(q) = -19*q + 34. Let z(f) = -17*c(f) + 6*l(f). Determine z(a).
7
Let q(d) = -29*d + 112. Let o be (2/(-9))/(-15*5/1350). What is q(o)?
-4
Let x(g) = 4 + 29 + 14*g - 11 - 8 - g**2. Calculate x(16).
-18
Let j(n) be the third derivative of -n**6/120 + 3*n**5/10 + 13*n**4/8 - 20*n**3/3 - 57*n**2 - 36. Determine j(20)